of 6 and d.
3
Let y be ((-26)/14 + -1)/(54/(-189)). Calculate the highest common factor of 140 and y.
10
Suppose 0 = -4*a + 226 + 390. Let b(j) = 2*j. Let v(w) = -10*w + 1. Let c be v(-1). Let m be b(c). What is the greatest common factor of m and a?
22
Suppose -3*t - 2*t - 2*s + 24 = 0, 3*t + 5*s - 3 = 0. Calculate the greatest common factor of t and 4.
2
Suppose 4*b - 208 = -0*b - 4*x, 4*x - 153 = -3*b. Calculate the highest common factor of 22 and b.
11
Suppose -t = -4*f - 26, 6 = 4*t + f - 47. Let n(z) = -2*z + 20. Let x be n(6). Let p be ((-12)/x)/((-4)/56). Calculate the greatest common factor of p and t.
7
Let a = 2 - -1. Suppose -5*w + 0*w + 27 = z, -4*w + 2*z + 30 = 0. Let l = w - a. What is the greatest common divisor of l and 27?
3
Suppose -5*t - 109 = -314. Let b = t + -25. Calculate the greatest common factor of b and 2.
2
Suppose -5*u = -9*u + 8. Suppose 5*j - u = 3. What is the greatest common factor of j and 8?
1
Let k = -13 + 24. What is the highest common factor of 99 and k?
11
Suppose -x + 49 - 5 = 0. Calculate the greatest common divisor of x and 352.
44
Let x = 4 + 1. Let t be 6/(-51) - (2932/(-68) + 3). What is the greatest common factor of t and x?
5
Suppose 0*g + 18 = g - 5*a, a = 3*g - 12. Suppose g*j = j - 16. Let o = j - -23. What is the highest common divisor of 75 and o?
15
Let n(t) = 2*t + 1. Let b be n(1). Let c be b*5 + -3 + 1. What is the greatest common factor of 117 and c?
13
Suppose -4*n - 6 + 98 = 3*z, -2*z = 8. Let h be 12*(-1 - n/(-6)). Let p be 1 + 2 + 0 + 2. Calculate the greatest common factor of p and h.
5
Suppose 0 = 2*l - 6. Suppose -2*h - n = h - 26, 14 = l*h + 4*n. Let d = 38 - 13. Calculate the greatest common factor of d and h.
5
Let x(c) = 9*c**2 - 5*c - 10. Let l be x(-9). Suppose -2*s + 398 = 5*w, 4*s + w - l = -w. Calculate the greatest common divisor of 27 and s.
27
Suppose 0 = 15*m - 81 - 9. What is the greatest common divisor of m and 18?
6
Let z be -50 - (1/1 + 1). Let d = -31 - z. Suppose -2*o - 48 = -132. Calculate the greatest common factor of d and o.
21
Suppose 3*v + 56 = 413. Calculate the greatest common divisor of 17 and v.
17
Let d be (4 + 25/(-5))*17/(-1). Calculate the greatest common factor of 17 and d.
17
Let s(f) = 3*f**2 + 39*f + 8. Let i be s(-13). Suppose -3*w = 2*w - 20. What is the highest common divisor of i and w?
4
Let l(t) = -5*t + 10. Let h be l(-12). What is the greatest common factor of h and 105?
35
Suppose 3*h = 4*c + 63, 0 = -2*h + 13 - 3. Let r be 16/3*(-81)/c. Let o(g) = g - 2. Let w be o(6). What is the highest common factor of w and r?
4
Let q be ((-38)/57)/(2/(-36)). Calculate the greatest common divisor of q and 48.
12
Suppose 2*p + g + 11 = 7*p, 3*p = 4*g + 10. Suppose 0 = -w + x - 1, 3*x = -2*w - p*x + 33. What is the highest common divisor of w and 4?
4
Suppose -4*k + 11 = -1. What is the greatest common factor of 9 and k?
3
Suppose -3*j + 27 - 6 = 0. Let m = 14 - j. Suppose 5*u - 282 = -2*k, 5*k = -3*u + 259 - 86. Calculate the greatest common factor of m and u.
7
Suppose -62 + 192 = 5*w. Calculate the greatest common factor of 26 and w.
26
Let i(t) = 6 - 2 + 5 + 0*t + t**2 - 9*t. Let c be i(8). Calculate the greatest common factor of 2 and c.
1
Suppose 2*d - 6*d = 28. Let l(y) = -y**2 - 15*y - 5. Let x be l(d). Calculate the greatest common divisor of 34 and x.
17
Suppose -f + 8 = 2*j, 8*f = 4*f - j + 11. Let s = 3 - f. Suppose -t - 2*t - 4*v + 3 = 0, -3*t = 3*v - 3. Calculate the greatest common factor of s and t.
1
Let i(z) be the first derivative of -z**4/4 - 2*z**3 - 2*z**2 - 3*z - 3. Let l be i(-6). Calculate the highest common divisor of l and 14.
7
Let j(y) be the second derivative of 11*y**4/12 + y**3/6 - y**2/2 - y. Let d = -38 - -39. Let k be j(d). Calculate the highest common factor of 44 and k.
11
Let o(l) = 111*l + 3 - 5 + 3. Let k be (0 + -2 + 1)/(-1). Let h be o(k). Calculate the greatest common factor of h and 16.
16
Suppose m = -3 - 7. Let c be ((-8)/m)/((-8)/(-60)). Calculate the highest common divisor of c and 4.
2
Suppose -4*r + 176 = -n + 5*n, -2*r = 4*n - 86. Let b(m) = -m + 4. Let a be b(3). Let o be 5*(-2*a)/(-2). Calculate the highest common divisor of o and r.
5
Let n = 24 - 14. Let k be -2 - -1 - (-3 + -48). What is the greatest common divisor of k and n?
10
Let r(v) = -v - 6. Let a be r(-6). Let p be (a - 0/2)/2. Let j(g) = -g**3 + 65. Let d be j(p). Calculate the highest common divisor of d and 26.
13
Let o be -1*(2 + -29) + 0. Calculate the highest common factor of o and 54.
27
Suppose 4*y + 150 = 7*y. Suppose 3*r + 74 = n, -40 = 5*r - 3*r - 3*n. Let c = r - -36. Calculate the highest common factor of y and c.
10
Let m = -97 - -108. Suppose 220 = -3*h + 8*h. What is the greatest common divisor of m and h?
11
Let r be 3/(-12) - 51/(-12). Let x = r + 3. What is the greatest common divisor of 42 and x?
7
Suppose 0 = -0*f + 2*f - 16. Calculate the greatest common factor of 88 and f.
8
Let u be (-118)/(-12) + 7/42. What is the greatest common divisor of u and 15?
5
Let i(q) be the first derivative of 49*q**2/2 + 3. Let v = 10 - 8. Let l be i(v). Calculate the highest common divisor of l and 14.
14
Suppose 4*m + 2*b - 260 = 0, -b - 144 = -3*m + 41. Let u = 28 + -22. Suppose 0 = 8*f - u - 50. Calculate the highest common factor of m and f.
7
Suppose 2 = -5*c + 722. Suppose -5*b + 3*t = -86, t + 11 + 7 = b. Calculate the greatest common divisor of c and b.
16
Let r = 201 + -53. Suppose -5*d + l = -r, 0*d = d + 4*l - 38. Suppose -d + 8 = -t. What is the greatest common divisor of t and 110?
22
Let s(q) = 3*q**3 - q. Suppose -3*y - 4*w - 9 = 0, 5*w - 7 = -3*y - 19. Let r be s(y). Suppose -r*l = -13 + 5. Calculate the greatest common factor of 36 and l.
4
Let x(m) = m**3 + 5*m**2 + 3*m - 1. Let b be x(-4). Let g(p) = 2*p - 4 - p - 2*p. Let r be g(-6). Calculate the highest common factor of r and b.
1
Let t(b) = 25*b - 266. Let n be t(11). Suppose z = -5*h + 74, 0 = -0*z - 2*z + 3*h + 213. Calculate the greatest common factor of z and n.
9
Let w(z) = -4*z**3 - 2*z + 1. Let s be w(-3). Let n be s*(0 + (-1 - -2)). What is the greatest common divisor of n and 23?
23
Let h(l) = l**2 - 1. Let x(t) = 2*t**2 + t - 1. Let p(a) = 5*h(a) - 2*x(a). Let z be p(5). Calculate the greatest common factor of z and 36.
12
Let q(k) = -k - 4. Let w be q(-9). What is the highest common divisor of 40 and w?
5
Let h = -42 - -60. What is the greatest common factor of h and 198?
18
Let k(d) = 6*d**2 - 3*d + 2. Let b be (-1)/3 + (-11)/3. Let h be k(b). Let g = 33 + -23. What is the greatest common divisor of g and h?
10
Suppose 3*t = 4*t + q - 49, 16 = 4*q. Let f = -1 + 19. Calculate the greatest common divisor of t and f.
9
Suppose -2*h + 13*u - 9*u + 80 = 0, -188 = -4*h + u. Calculate the highest common factor of 384 and h.
48
Suppose -f - 5*l + 2 = -5, -2*l = 0. Let x(r) = 19*r - 3. Let u be x(2). Calculate the greatest common factor of f and u.
7
Suppose j - 4*j = -399. What is the greatest common divisor of 19 and j?
19
Let k(v) = v**2 - 10*v + 11. Let a be k(9). Calculate the greatest common divisor of 18 and a.
2
Let x = 4 - 0. Let k be 2 - (-2)/x*2. Suppose 3*s + 4*c = 44, -k*c = -5*s - 2*c + 104. What is the highest common factor of s and 4?
4
Let h = -14 + 78. What is the highest common factor of 16 and h?
16
Let s = -15 - -26. Let r = s + 2. Suppose n = -0*n + 26. What is the greatest common divisor of n and r?
13
Suppose -5*z - t - t = -52, -z + t = -16. Calculate the highest common factor of 108 and z.
12
Let d(f) be the second derivative of f**4/3 + 2*f**3/3 - 3*f**2/2 - f. Let j be d(2). What is the greatest common factor of j and 3?
3
Let b = 23 + -14. Let v = b - 4. Suppose k - 3*k + 10 = 0. Calculate the highest common divisor of k and v.
5
Let s = -7 + 21. What is the greatest common factor of s and 4?
2
Let r = 58 + -39. What is the highest common divisor of r and 19?
19
Suppose 2*w - 626 = -5*s, 628 = 5*s + w - 0*w. Calculate the highest common divisor of 14 and s.
14
Suppose h + 5 = -1. Let y be (1 + -42)/(0 - -1). Let x = h - y. Calculate the highest common divisor of 14 and x.
7
Suppose 2*g = 6*g + 80. Let b = -14 - g. Calculate the highest common divisor of b and 1.
1
Suppose 0 = -4*a - 0*a + 228. Let g be (-3 - 0) + 1 + 91. L